In base 13, what is 39 + 80?
b9
In base 15, what is 4c0 - 21?
49e
In base 13, what is a0 + -287?
-1b7
In base 14, what is -4b36b - 0?
-4b36b
In base 3, what is 122122 - 2021201?
-1122002
In base 9, what is 1622111 + 1?
1622112
In base 10, what is 3 - -137?
140
In base 6, what is 24 + 40142?
40210
In base 5, what is 4 - 413401?
-413342
In base 6, what is -332250 + -3?
-332253
In base 7, what is 5 - 14266?
-14261
In base 5, what is 1 + 131034?
131040
In base 11, what is -1 - -229729?
229728
In base 12, what is 322a - -178?
33a6
In base 4, what is 10 - -3110231220?
3110231230
In base 3, what is 12 + -1211120212?
-1211120200
In base 13, what is -3658 - 7?
-3662
In base 6, what is 4345 + -301?
4044
In base 8, what is -12373613 - 4?
-12373617
In base 12, what is 0 + 4484?
4484
In base 5, what is -201 - -24432?
24231
In base 10, what is 4 - 113866?
-113862
In base 12, what is -11391 + 2?
-1138b
In base 12, what is -22342 + -5?
-22347
In base 12, what is -149831 + -4?
-149835
In base 13, what is 893a + 0?
893a
In base 15, what is 1 - -b8269?
b826a
In base 3, what is 202 - -202221100?
202222002
In base 13, what is 2 + -a516?
-a514
In base 5, what is -1 + 103233322?
103233321
In base 11, what is 497 - 932?
-446
In base 3, what is -221 + -21101221?
-21102212
In base 16, what is 211a - 8?
2112
In base 9, what is -2 + 536315?
536313
In base 8, what is 1 - 133721?
-133720
In base 3, what is -201101011 + -100?
-201101111
In base 5, what is -104013 + -12344?
-121412
In base 14, what is -6469a - -5?
-64695
In base 3, what is 2202110212 + 1?
2202110220
In base 9, what is -201 + 256?
55
In base 7, what is -4 - -32003?
31666
In base 2, what is 10110110111001100 - -10?
10110110111001110
In base 9, what is -1003228 - -1?
-1003227
In base 7, what is 1 - -2135061?
2135062
In base 11, what is -193145 + -11?
-193156
In base 10, what is 0 - 62996?
-62996
In base 3, what is -20002 - 10012202?
-10102211
In base 14, what is 92 + 6a3?
755
In base 6, what is 3 + 1344400?
1344403
In base 16, what is -1c - -930e?
92f2
In base 13, what is 3854 - 9?
3848
In base 11, what is 26 + 3895?
3910
In base 14, what is -4549 + -7?
-4552
In base 6, what is 124 + -1354?
-1230
In base 16, what is 2 + -1073b2?
-1073b0
In base 12, what is -48a24 - 5?
-48a29
In base 7, what is -2436 + 131?
-2305
In base 12, what is -723 - -75?
-66a
In base 10, what is 22 - -48?
70
In base 12, what is -4 + -3463?
-3467
In base 5, what is -4302 + -12123?
-21430
In base 8, what is 272 - 5773?
-5501
In base 8, what is -456 + -51?
-527
In base 12, what is 25570 - -1?
25571
In base 7, what is -13203 - -13?
-13160
In base 5, what is 2 - -1424222?
1424224
In base 9, what is -10575 - -50?
-10525
In base 10, what is -43 + 138065?
138022
In base 13, what is 34 - 34a?
-316
In base 2, what is -101110010 + -111000001?
-1100110011
In base 3, what is 2 + -221101220110?
-221101220101
In base 15, what is ab2 + -460?
652
In base 12, what is -5 + 7ba2?
7b99
In base 14, what is -376 - -27?
-34d
In base 4, what is 1201000 + 23232?
1230232
In base 16, what is 5 - -2ad9?
2ade
In base 7, what is -2342 - -142?
-2200
In base 11, what is 9488 - 4?
9484
In base 3, what is 102 - 2101001?
-2100122
In base 8, what is 103746 - -4?
103752
In base 10, what is 66 + -11133?
-11067
In base 8, what is -132 - 4221?
-4353
In base 15, what is -1735 - -8?
-172c
In base 8, what is -2 - 26665?
-26667
In base 9, what is -4 + 2745?
2741
In base 12, what is 99 + 2b4?
391
In base 9, what is -11 + 6181?
6170
In base 12, what is 1a5 + -542b?
-5246
In base 12, what is -633a - -2?
-6338
In base 11, what is 1a0402 - 6?
1a03a7
In base 4, what is 12 - -12203033?
12203111
In base 4, what is 122222 + 312303?
1101131
In base 14, what is -5 + -8485b?
-84862
In base 10, what is 51 - -44989?
45040
In base 13, what is 30 - -1070c?
1073c
In base 6, what is -100453 - 2?
-100455
In base 12, what is 2 + 2828?
282a
In base 4, what is -22 + -1000023220?
-1000023302
In base 11, what is -4a - -131?
92
In base 5, what is 1204130 - -4?
1204134
In base 4, what is -13202 + -3120?
-22322
In base 15, what is -3e920 - -6?
-3e919
In base 12, what is 4 - -57a?
582
In base 7, what is -52 - -324150?
324065
In base 16, what is 4 - 1c02?
-1bfe
In base 6, what is -25234 + 10?
-25224
In base 16, what is -5 + 9170?
916b
In base 3, what is -10 - -1220222?
1220212
In base 12, what is -1 - -4884?
4883
In base 15, what is 4b9a - -132?
4ccc
In base 7, what is -566 + -43?
-642
In base 7, what is 6404 - -126?
6533
In base 15, what is 5441b + -3?
54418
In base 12, what is 3a25055 + -3?
3a25052
In base 5, what is 30313 - 141?
30122
In base 8, what is -12064 - 104?
-12170
In base 14, what is 1 + 3b1d?
3b20
In base 6, what is -31 - 115352?
-115423
In base 15, what is 154ca - 1?
154c9
In base 8, what is -152643 + 3?
-152640
In base 14, what is -486 - -118a?
b04
In base 2, what is 11001100111 + 11111100100?
111001001011
In base 5, what is -1 + -341202421?
-341202422
In base 6, what is -125554 - -20?
-125534
In base 9, what is 5 - 2650?
-2644
In base 7, what is 3 + -41200?
-41164
In base 13, what is 81a + -32a?
4c0
In base 3, what is 101121 - -122021?
1000212
In base 10, what is -3844 - -18?
-3826
In base 12, what is 740114 + 5?
740119
In base 6, what is 405 - -302?
1111
In base 11, what is 52a + -649?
-11a
In base 7, what is -1236 - 430?
-1666
In base 12, what is 13 - -129b1?
12a04
In base 13, what is bc4779 - -2?
bc477b
In base 5, what is -1420424 - -10?
-1420414
In base 9, what is -243307 - 0?
-243307
In base 10, what is 10563 + -27?
10536
In base 9, what is -14435 - 12?
-14447
In base 6, what is -501235 + -5?
-501244
In base 6, what is -1 + -204430?
-204431
In base 6, what is 4 - -10425025?
10425033
In base 14, what is -8c6a83 - 3?
-8c6a86
In base 16, what is 3e6cfa + 5?
3e6cff
In base 11, what is 34 + 1345?
1379
In base 7, what is 11300 - 4600?
3400
In base 7, what is -1406 - -444?
-632
In base 8, what is 326540 - 5?
326533
In base 14, what is -6101 + 5a?
-6085
In base 4, what is -131020201 + 0?
-131020201
In base 6, what is 2 - -4015?
4021
In base 8, what is 3021 - -764?
4005
In base 3, what is 110002222000200 + -2?
110002222000121
In base 7, what is -3 - 2241001?
-2241004
In base 16, what is 15 + -3cef?
-3cda
In base 16, what is -1f8 + -11d?
-315
In base 6, what is -2205431 - -2?
-2205425
In base 8, what is 244222 - 5?
244215
In base 10, what is -63 + -7636?
-7699
In base 4, what is 11 + -303010200?
-303010123
In base 7, what is -50622 + -111?
-51033
In base 10, what is -9035 + 2?
-9033
In base 7, what is -3323 - -10120?
3464
In base 11, what is -148 - 1332?
-147a
In base 8, what is 12 + 117754?
117766
In base 10, what is 53 - -12203?
12256
In base 10, what is 4 + -45654?
-45650
In base 8, what is 4 + 11233?
11237
In base 13, what is 7982 + 24?
79a6
In base 2, what is 1011010111110000 - 101110?
1011010111000010
In base 12, what is -52b + -119?
-648
In base 14, what is -5 - 4750?
-4755
In base 7, what is 2514530 + -5?
2514522
In base 8, what is 7 - 2146144?
-2146135
In base 8, what is 41 + 200570?
200631
In base 10, what is 11 - 6548?
-6537
In base 14, what is -8 - 9493c?
-94946
In base 6, what is 255 + -3232?
-2533
In base 12, what is 6 + -2a55?
-2a4b
In base 4, what is -110022 + 130?
-103232
In base 14, what is 6 + 3a787?
3a78d
In base 3, what is -2111201 - -10220?
-2100211
In base 5, what is 41 - -220?
311
In base 10, what is 244 + -11555?
-11311
In base 2, what is -1 - 10000010?
-10000011
In base 16, what is -9 + -ffe9?
-fff2
In base 2, what is 11 + 1100000010001?
1100000010100
In base 2, what is -11000011111011000 - -111?
-11000011111010001
In base 16, what is 7c - 182c?
-17b0
In base 12, what is 18 - -1863?
187b
In base 6, what is 4035 + -100?
3535
In base 9, what is 46 - 6176?
-6130
In base 15, what is 1 + 70d?
70e
In base 5, what is -211040 + 11?
-211024
In base 14, what is 15 - -593b?
5952
In base 16, what is -16782 + 3?
-1677f
In base 9, what is 2083 + 171?
2264
In base 9, what is 18778 + 120?
20008
In base 5, what is 12 - 231114231?
-231114214
In base 12, what is -4 - 27a65?
-27a69
In base 6, what is 253455221 + -2?
253455215
In base 14, what is 75 - -1b?
92
In base 3, what is 12 - 100200122?
-100200110
In base 3, what is 1 - -1001010200201?
1001010200202
In base 12, what is -b3b53 + -4?
